 base 16?
-6
-123 (base 4) to base 7
-36
3 (base 13) to base 5
3
3 (base 14) to base 5
3
Convert -5 (base 8) to base 15.
-5
What is 4 (base 5) in base 10?
4
-12 (base 11) to base 14
-d
-10a (base 11) to base 6
-335
What is -4 (base 8) in base 3?
-11
Convert -2 (base 11) to base 12.
-2
What is -10 (base 4) in base 13?
-4
5 (base 6) to base 5
10
Convert 3a (base 15) to base 4.
313
-182 (base 11) to base 9
-254
e (base 16) to base 9
15
What is -1 (base 15) in base 13?
-1
Convert 11 (base 14) to base 10.
15
-3 (base 11) to base 5
-3
Convert -11010001 (base 2) to base 14.
-10d
-10 (base 2) to base 9
-2
What is 2 (base 7) in base 9?
2
What is -3 (base 12) in base 16?
-3
What is 134 (base 11) in base 6?
422
What is 0 (base 5) in base 12?
0
-3 (base 12) to base 14
-3
Convert 22 (base 9) to base 11.
19
What is 2 (base 11) in base 16?
2
Convert 1 (base 3) to base 14.
1
4 (base 11) to base 7
4
Convert 20211 (base 3) to base 7.
352
Convert 11 (base 13) to base 12.
12
Convert -1110110 (base 2) to base 9.
-141
5a (base 11) to base 9
72
Convert 15 (base 6) to base 4.
23
What is 2 (base 8) in base 14?
2
-1 (base 4) to base 16
-1
176 (base 9) to base 8
226
Convert -113 (base 4) to base 6.
-35
1 (base 16) to base 7
1
What is 184 (base 15) in base 12?
251
-14 (base 11) to base 10
-15
0 (base 12) to base 8
0
What is -6 (base 14) in base 4?
-12
What is c (base 14) in base 13?
c
Convert -1000001 (base 2) to base 3.
-2102
Convert -8 (base 13) to base 15.
-8
0 (base 16) to base 13
0
Convert 235 (base 7) to base 11.
103
What is 173 (base 8) in base 11?
102
What is 10100010 (base 2) in base 3?
20000
Convert 0 (base 9) to base 5.
0
Convert 24 (base 11) to base 4.
122
What is -1 (base 10) in base 4?
-1
2 (base 4) to base 7
2
What is -36 (base 15) in base 4?
-303
Convert -6 (base 9) to base 4.
-12
Convert -c8 (base 13) to base 11.
-13a
-37 (base 12) to base 5
-133
What is 7 (base 9) in base 4?
13
-3 (base 13) to base 10
-3
1005 (base 6) to base 7
434
Convert -7 (base 8) to base 4.
-13
-18 (base 11) to base 5
-34
What is 110011 (base 2) in base 11?
47
21 (base 4) to base 10
9
Convert -34 (base 8) to base 10.
-28
What is -3 (base 11) in base 3?
-10
Convert 61 (base 12) to base 11.
67
Convert -2 (base 5) to base 8.
-2
Convert 101 (base 3) to base 7.
13
-22 (base 3) to base 10
-8
Convert -100 (base 4) to base 10.
-16
Convert 2 (base 10) to base 8.
2
Convert -7 (base 14) to base 9.
-7
What is 111 (base 6) in base 3?
1121
What is 14 (base 5) in base 16?
9
Convert -5 (base 9) to base 16.
-5
-123 (base 5) to base 2
-100110
Convert 0 (base 7) to base 13.
0
-33 (base 7) to base 5
-44
Convert 82 (base 14) to base 16.
72
Convert 6 (base 15) to base 5.
11
3 (base 9) to base 2
11
What is 131 (base 5) in base 2?
101001
What is -330 (base 4) in base 13?
-48
2 (base 3) to base 14
2
What is -186 (base 9) in base 7?
-315
What is 20 (base 3) in base 4?
12
4 (base 10) to base 9
4
-163 (base 7) to base 16
-5e
5 (base 10) to base 5
10
Convert 541 (base 6) to base 8.
315
1000 (base 4) to base 7
121
-122 (base 3) to base 10
-17
What is -194 (base 11) in base 14?
-120
3 (base 4) to base 3
10
What is -630 (base 7) in base 16?
-13b
Convert 2022 (base 3) to base 4.
332
What is 10010100 (base 2) in base 3?
12111
Convert 2 (base 15) to base 9.
2
Convert -10220 (base 3) to base 16.
-69
Convert -131 (base 8) to base 3.
-10022
What is 15 (base 6) in base 10?
11
Convert 10 (base 2) to base 15.
2
What is 0 (base 9) in base 2?
0
2101 (base 3) to base 11
59
-71 (base 10) to base 4
-1013
Convert 87 (base 10) to base 11.
7a
Convert 1 (base 8) to base 3.
1
-25 (base 9) to base 2
-10111
24 (base 9) to base 8
26
What is 11011 (base 2) in base 6?
43
What is 105 (base 14) in base 4?
3021
8 (base 10) to base 2
1000
Convert -102 (base 9) to base 15.
-58
What is 0 (base 13) in base 11?
0
What is 44 (base 9) in base 5?
130
12 (base 7) to base 16
9
Convert -12 (base 6) to base 16.
-8
-1021 (base 3) to base 7
-46
Convert 1a (base 14) to base 10.
24
What is 144 (base 7) in base 8?
121
What is -1 (base 14) in base 16?
-1
2 (base 14) to base 4
2
What is 0 (base 10) in base 15?
0
Convert 9 (base 12) to base 16.
9
What is d9 (base 16) in base 5?
1332
Convert 1110 (base 3) to base 6.
103
Convert -2 (base 4) to base 10.
-2
Convert -3 (base 14) to base 16.
-3
-1 (base 7) to base 16
-1
4 (base 14) to base 11
4
Convert -4 (base 16) to base 10.
-4
Convert -1 (base 10) to base 8.
-1
Convert -8 (base 14) to base 12.
-8
What is -d (base 14) in base 7?
-16
27 (base 13) to base 7
45
What is 4 (base 14) in base 7?
4
What is -1 (base 14) in base 3?
-1
What is -7 (base 8) in base 3?
-21
What is -100 (base 2) in base 13?
-4
What is 2 (base 3) in base 10?
2
What is 21 (base 10) in base 15?
16
240 (base 10) to base 9
286
Convert 402 (base 8) to base 5.
2013
What is -1121 (base 4) in base 13?
-6b
-218 (base 9) to base 11
-153
What is 4 (base 11) in base 15?
4
-38 (base 14) to base 16
-32
What is -1 (base 14) in base 15?
-1
-c (base 14) to base 10
-12
What is 1 (base 14) in base 7?
1
41 (base 16) to base 8
101
3 (base 11) to base 3
10
What is 0 (base 12) in base 10?
0
Convert -301 (base 7) to base 16.
-94
4 (base 8) to base 2
100
What is -6 (base 13) in base 8?
-6
c (base 16) to base 8
14
332 (base 4) to base 2
111110
Convert 0 (base 14) to base 16.
0
2 (base 3) to base 4
2
-1100000 (base 2) to base 7
-165
113 (base 4) to base 10
23
20 (base 6) to base 12
10
Convert -2000 (base 3) to base 8.
-66
1111 (base 2) to base 10
15
0 (base 15) to base 14
0
Convert 12 (base 12) to base 2.
1110
What is -1 (base 13) in base 6?
-1
-61 (base 7) to base 4
-223
31 (base 5) to base 6
24
What is 1 (base 10) in base 8?
1
Convert -12211 (base 3) to base 9.
-184
What is -2 (base 4) in base 13?
-2
Convert -1 (base 11) to base 16.
-1
What is -10 (base 2) in base 16?
-2
Convert 266 (base 7) to base 9.
172
2110 (base 4) to base 13
b5
-62 (base 12) to base 5
-244
What is 8 (base 12) in base 11?
8
What is -225 (base 11) in base 7?
-533
Convert -2222 (base 3) to base 16.
-50
Convert 11 (base 2) to base 3.
10
-46 (base 10) to base 3
-1201
5 (base 12) to base 10
5
2 (base 6) to base 4
2
Convert -6 (base 8) to base 4.
-12
Convert 1412 (base 6) to base 14.
1c4
39 (base 13) to base 16
30
What is 3d (base 16) in base 8?
75
5 (base 7) to base 16
5
10 (base 4) to base 8
4
Convert b (base 15) to base 3.
102
What is -195 (base 13) in base 6?
-1203
Convert 5 (base 14) to base 2.
101
What is -1 (base 8) in base 6?
-1
Convert 28 (base 10) to base 11.
26
-1011101 (base 2) to base 10
-93
Convert -1060 (base 7) to base 15.
-1aa
-2 (base 12) to base 14
-2
What is -2010 (base 3) in base 16?
-39
Convert 0 (base 9) to base 4.
0
-1 (base 16) to base 7
-1
2 (base 6) to base 8
2
Convert 8a (base 14) to base 7.
233
What is 0 (base 3) in base 15?
0
26 (base 15) to base 6
100
What is -12010 (base 3) in base 11?
-116
Convert -11 (base 16) to base 4.
-101
Convert 1 (base 9) to base 13.
1
Convert 3 (base 15) to base 7.
3
Convert 2 (base 11) to base 3.
2
Convert 0 (base 16) to base 11.
0
Convert 110100 (base 2) to base 12.
44
-123 (base 9) to base 8
-146
Convert 3 (base 8) to base 7.
3
3d (base 14) to base 6
131
What is -42 (base 9) in base 16?
-26
30 (base 15) to base 16
2d
What is 1 (base 16) in base 3?
1
5c (base 13) to base 16
4d
15 (base 7) to base 9
13
Convert 117 (base 12) to base 5.
1123
24 (base 10) to base 8
30
Convert 14b (base 12) to base 9.
245
-b2 (base 14) to base 2
-10011100
What is 10 (base 10) in base 6?
14
-22 (base 4) to base 14
-a
Convert -4 (base 11) to base 7.
-4
Convert 9 (base 10) to base 15.
9
0 (base 13) to base 5
0
What is 1 (base 12) in base 16?
1
What is 2 (base 15) in base 4?
2
-2 (base 15) to base 12
-2
Convert 1 (base 7) to base 4.
1
1 (base 7) to base 12
1
What is 11 (base 2) in base 12?
3
Convert 10111 (base 2) to base 16.
17
Convert 0 (base 12) to base 2.
0
-6 (base 9) to base 14
-6
What is -110111 (base 2) in base 12?
-47
Convert -1 (base 8) to base 6.
-1
-11 (base 11) to base 9
-13
What is 15 (base 14) in base 16?
13
What is -83 (base 12) in base 11?
-90
-4 (base 13) to base 16
-4
What is 2 (base 3) in base 2?
10
What is 45 (base 9) in base 5?
131
-18 (base 16) to base 3
-220
What is 22 (base 8) in base 10?
18
What is -4 (base 12) in base 8?
-4
What is -1 (bas